-110 + 511 = 5*n + 4*x. Let i = 108 - n. What are the prime factors of i?
31
Let a(i) = 4*i + 6*i**2 + 2*i**2 - 7*i**2 + 2 - i. Let v be a(-4). Suppose 2*j + 92 = v*j. List the prime factors of j.
23
Let u = -144 - -76. Let s(t) = -t - 10. Let o be s(-13). What are the prime factors of o*(0 + u/(-3))?
2, 17
Suppose -8*w = 3*w - 3377. List the prime factors of w.
307
Let q = -174 + 98. Let a = -63 - q. List the prime factors of a.
13
Suppose -3*u = -q + 27, q + 11 - 28 = -2*u. What are the prime factors of q?
3, 7
Let z(g) = g**3 - 18*g**2 - 36*g - 43. List the prime factors of z(22).
3, 367
Let t = 949 - 777. What are the prime factors of t?
2, 43
Suppose -356 = 4*j - 4840. List the prime factors of j.
19, 59
Let q(v) = 82*v - 4. Let w = -32 + 34. List the prime factors of q(w).
2, 5
Let i = 1044 + -726. List the prime factors of i.
2, 3, 53
Let b be (-56)/6*351/(-18). Suppose -64 - b = -3*t. What are the prime factors of t?
2, 41
Suppose 3*l - 3*i - 45 = -0*i, 2*l - 34 = i. Suppose -2 + 0 = 2*t, t = 3*m - l. Suppose -a = -4*a + m. List the prime factors of a.
2
Suppose -w - w = -34. Suppose 7*a + w = 3*c + 2*a, 2*c - a = 16. What are the prime factors of c?
3
Let i = -29 - -34. Suppose 2*a - 4*s + 2 = 142, -215 = -4*a - i*s. What are the prime factors of a?
2, 3, 5
Let k = -5 + 7. Suppose 2*y = k*u + 176, -3*u - y - 271 = 3*y. Let v = -44 - u. What are the prime factors of v?
3, 5
Suppose 8*s = 11*s - 909. Let a = -153 + s. What are the prime factors of a?
2, 3, 5
Let k(b) = 129*b**2 - 32*b + 237. What are the prime factors of k(6)?
3, 521
Let m = -598 - -838. Suppose -m - 165 = -5*y. List the prime factors of y.
3
Let t be (16/6)/(6/9). Let n(r) = -r**3 + 3*r**2 + 12*r + 5. List the prime factors of n(t).
37
Let x(d) = d**3 - d**2 - d + 1332. Let s be x(0). Let l be (1/2)/((-6)/s). Let r = -69 - l. List the prime factors of r.
2, 3, 7
Let p = 1539 + 405. What are the prime factors of p?
2, 3
Let c = 206 + -101. Let a = c + 12. List the prime factors of a.
3, 13
Let d = -1 + 6. Suppose d*n = 6*n - 98. Suppose -3*w + n = -25. List the prime factors of w.
41
Let b = 19 - 10. Suppose 3*z = -i + 21, -5*z - b = 5*i - 94. What are the prime factors of (39/i)/(4/20)?
13
Let w(d) = 4*d + 26. Let f be w(-5). Suppose -f*x + 3*x + 550 = 4*y, -2 = x. List the prime factors of y.
139
Let i(b) = 3*b**2 - 9*b - 10. What are the prime factors of i(7)?
2, 37
Suppose 4*l = -6*l + 14*l. Suppose l = -k + b + 62, -2*b = -5*k + 81 + 229. List the prime factors of k.
2, 31
Let o = 683 + -323. List the prime factors of o.
2, 3, 5
Let y(h) = -h - 4. Let b be y(-5). Let c be 3/6*(-93 - b). Let j = -23 - c. What are the prime factors of j?
2, 3
Let p(n) = 205*n**2 + 17*n - 12. What are the prime factors of p(3)?
2, 3, 157
Suppose m + 3*q - q - 3318 = 0, -2*q - 13322 = -4*m. What are the prime factors of (-2)/(-3) - m/(-48)?
2, 5, 7
Let t = 1136 + 264. What are the prime factors of t?
2, 5, 7
What are the prime factors of (-6)/(-42) + (-1160)/(-14)?
83
Let z(t) = -t**3 + 15*t**2 - 9*t - 17. Let k be z(11). Suppose 0 = 5*o - k - 7. List the prime factors of o.
3, 5
Let f(z) = -z**3 + 57*z**2 + 7*z + 91. List the prime factors of f(57).
2, 5, 7
What are the prime factors of -1 + 2 + (2568 - -1)?
2, 5, 257
Suppose -2*a + 20*a = 62586. What are the prime factors of a?
3, 19, 61
Let v = -10 - -16. Let i be 0 + 6/(-2) + v. Suppose -i*y + 74 = -25. List the prime factors of y.
3, 11
List the prime factors of (-10)/60 - (-1009)/6.
2, 3, 7
Let l = 1500 - -322. List the prime factors of l.
2, 911
Let o(u) = -u**3 + 4*u**2 + 2*u - 3. Let d be o(4). Suppose 1 = d*z - 9. Suppose 0 = -z*w + 116 - 6. List the prime factors of w.
5, 11
Let a be -2 - -1 - -4 - 3. Suppose 5*r - 335 - 55 = a. List the prime factors of r.
2, 3, 13
Suppose -586 = -6*o + 7058. What are the prime factors of o?
2, 7, 13
Suppose 0 = -5*j - 3*l + 9, 0 = 3*j + 2*l - 4*l - 13. Let h be (2 - 1)*-1 + j. Suppose 0 = -2*t + 3*t - h*c, c = 2*t - 15. What are the prime factors of t?
2, 5
Let v = -1771 + 2606. What are the prime factors of v?
5, 167
What are the prime factors of (0 + 206/1)*(4 - 2)?
2, 103
Suppose 4*i - 8703 = -5*s, 2*s + 15 = 5. What are the prime factors of i?
2, 1091
Let x(w) = -w**2 + 9*w + 10. Suppose 26 = 5*f - l - 29, 3*l = -15. Let q be x(f). Suppose 21 + q = s. What are the prime factors of s?
3, 7
Let c(d) = d + 11. Let v be c(-6). Suppose -2*h = -h + v. Let j = h + 7. What are the prime factors of j?
2
Suppose k - 3*i - 1060 = 0, -2*i + 5317 = -0*k + 5*k. What are the prime factors of k?
1063
Let d(o) = 62*o**3 + 3*o**2 + o - 1. What are the prime factors of d(2)?
509
Suppose -24 = -d - 5*d. Suppose 4*j - 5*a = -6, 0 = -5*j - d*a - 0 - 28. What are the prime factors of j/10 - (-51)/15?
3
Suppose 71*q = 24509 - 3493. List the prime factors of q.
2, 37
Suppose 17970 = 9*o - 3513. What are the prime factors of o?
7, 11, 31
Let x(h) = -h**2 + 8*h - 5. Let q be x(7). Suppose 3*v + 30 = 5*j - 2, -8 = q*v. Let a(r) = 2*r**2 - 3*r - 6. List the prime factors of a(j).
2, 7
Suppose 4*r = -5*x + 2*r + 50, -10 = -x + 3*r. Let p(n) be the first derivative of 5*n**2/2 + 7*n + 296. What are the prime factors of p(x)?
3, 19
Let z(x) = 8*x**3 - 16*x**2 - 7*x + 16. What are the prime factors of z(5)?
7, 83
Suppose 341 + 51 = 14*b. Let c = 80 - 32. Let i = c - b. List the prime factors of i.
2, 5
Suppose -42*y + 13995 = -27*y. List the prime factors of y.
3, 311
Let t(v) be the third derivative of v**6/80 - v**5/24 + 7*v**4/24 + 3*v**2. Let x(d) be the second derivative of t(d). List the prime factors of x(6).
7
Suppose 3*y - 590 = -4*x, 0*x - 451 = -3*x + 2*y. Suppose z - 3*m = 92, 2*z - 5*m + 6*m = x. List the prime factors of z.
7, 11
Let n = 65 - 33. Let t = 54 + n. What are the prime factors of t?
2, 43
Let k(j) = 147*j**2 + 2*j - 28. What are the prime factors of k(3)?
1301
Suppose -15 = -4*g + g. Suppose 0 = -g*u + u - 20. Let n = u + 7. What are the prime factors of n?
2
Let i be (2 + -3)*(3 + -3). Suppose 5*o - 4*a = 278, -4*o - 4*a + i*a = -244. What are the prime factors of o?
2, 29
Suppose -f = -4*f + 12. Let i(p) = 12*p + 402. Let c be i(-33). What are the prime factors of (f + (-39)/c)*-4?
2, 5
Suppose -n = n - 4. Let u(g) = 7*g**3 + 2*g**2 - g. Let a be u(n). Suppose a = 2*d - 64. What are the prime factors of d?
3, 7
List the prime factors of -12 - -8 - -10 - (0 + -610).
2, 7, 11
What are the prime factors of (-7)/(118/480 + (-1)/4)?
2, 3, 5, 7
Let k = -529 - -536. What are the prime factors of k?
7
Let x(l) = l**3 + 13*l**2 - 15*l - 11. Let y be x(-14). Suppose -y*g = -g. Suppose 0 = -r - g*r + 46. List the prime factors of r.
2, 23
Let z(b) = b**3 - 7*b**2 + b + 2. Let c(s) = -6*s - 4. Let y be c(-2). What are the prime factors of z(y)?
2, 37
Let h be 568/28 + 4/(-14). Let g = h + -14. What are the prime factors of g/(-9)*-9*3?
2, 3
Let h(q) = 2*q**3 - 57*q**2 + 34*q + 36. What are the prime factors of h(28)?
2, 3, 17
Let z = 314 + 366. Suppose 5*g = -5*k + z, -4*g - 3*k + 107 + 437 = 0. List the prime factors of g.
2, 17
Let g = 252 + -27. List the prime factors of g.
3, 5
Let t = 620 - 214. What are the prime factors of t?
2, 7, 29
What are the prime factors of 15654/63*4 - 4/(-42)?
2, 7, 71
Suppose 29*x - 35753 - 76100 = 0. What are the prime factors of x?
7, 19, 29
Let h(j) = 4*j**2 + 15*j - 48. List the prime factors of h(-13).
433
Let n(u) = -11*u - 18. Let f(r) = -r**3 - 6*r**2 - 7*r + 2. Let k be f(-5). Suppose -9*y = -k*y - 15. What are the prime factors of n(y)?
37
Suppose 0 = -3*l + 2*l - 69. Let m = l - -119. List the prime factors of m.
2, 5
Let i(b) = -2*b**3 - b**2 + 2. Let l be i(-1). Let x = 35 + l. List the prime factors of x.
2, 19
Let q = 2237 - -747. List the prime factors of q.
2, 373
Suppose 15*v - 11*v - 12416 = 0. List the prime factors of (v/(-40))/(4/(-10)).
2, 97
Let v be ((-702)/(-5) - 0)/(1/5). Suppose 4*o - 6*w + w = 936, 0 = 3*o + 2*w - v. What are the prime factors of o?
2, 3, 13
Let i be 2/4*(-14 + 14). Suppose -29*y + 32*y - 735 = i. What are the prime factors of y?
5, 7
Let b = -15 - -12. Let y be (-30)/(-20)*(-1 - b). Suppose -t = o - 1, 4*t + 5 = -y*o - t. List the prime factors of o.
5
Suppose -5*o + 1276 = 38*z - 37*z, -3*o + 5189 = 4*z. What are the